actors of 148/28 + -5 + (-4635)/t?
13, 17
Let g(w) = w**2 + w + 19. Let r be g(8). Suppose -5*u = 5*b + 97 + 318, -b - r = -u. Let y = b + 101. List the prime factors of y.
2, 7
Let q = -23 + 29. Suppose -14*b + q + 36 = 0. What are the prime factors of (6*1)/(10/(1220/b))?
2, 61
Let p(b) = -141*b + 74. Let v be p(-12). Suppose v - 5486 = -6*d. What are the prime factors of d?
2, 5, 31
Let f be 202407/342 - (-2)/12. Let h = f + 305. What are the prime factors of h?
3, 13, 23
Suppose -387 = -10*m + 63. Let s = m - 37. What are the prime factors of s?
2
Let k = -4638 - -8461. What are the prime factors of k?
3823
List the prime factors of (0 + 6 - 1)*(-129376)/(-20).
2, 13, 311
Let p(n) = 3*n**2 - 7*n + 7. Let v be p(1). Suppose 4*g = v*g + 722. What are the prime factors of g?
2, 19
Let l = 20820 + -13175. What are the prime factors of l?
5, 11, 139
Let h = 3911 - 2535. List the prime factors of (-64)/(-10) + -6 + h/10.
2, 3, 23
What are the prime factors of (1/3)/(66/277794) - 0?
23, 61
Suppose 2*c = 2*u + 3*c - 10, 3*c - 6 = 2*u. Suppose -2*s - 182 = -u*s. What are the prime factors of s?
2, 7, 13
Let o be 3 - (9 + (-3 - -1)). Let m be 154/4*(-1 + -39)/o. Suppose -6*z - m = -11*z. What are the prime factors of z?
7, 11
Let a(g) = 6394*g - 15070. List the prime factors of a(9).
2, 7, 37, 41
Suppose 6 = -5*h - a, 0 = -3*h - 10*a + 9*a - 4. Suppose -2*s + 125 = 3*s. Let r = h + s. List the prime factors of r.
2, 3
What are the prime factors of -14 + 8 + 7 - -41333?
2, 3, 83
Let v = 34 + 26. Suppose 16*b - 11*b = -v. Let w = b - -48. List the prime factors of w.
2, 3
Let a(o) = -15*o + 11. Let u be a(-2). Suppose 45*j - 292 = u*j. List the prime factors of j.
73
Let a be (23428/(-1))/((-34)/17). Suppose -8*y = -a + 1962. List the prime factors of y.
23, 53
Let c be (45 - 38) + 22 + 1. Suppose -25844 = -c*n + 2*n. List the prime factors of n.
13, 71
Let g = -7124 - -15085. List the prime factors of g.
19, 419
Suppose -24*c + 20236 = -8420. Suppose 2*g - n = c, 3*g + 7*n - 1809 = 4*n. What are the prime factors of g?
599
Let l = -49869 - -76237. What are the prime factors of l?
2, 103
Let y(o) = 39*o - 44. Suppose 0 = 3*g + 6, -39 = 3*i + 5*g - 179. What are the prime factors of y(i)?
2, 953
Suppose -5*j - 20666 = -4*n, 3*j + 12755 = 2*n + 2421. List the prime factors of n.
2, 1291
Let g = 365 + -730. Let o = 147 - g. What are the prime factors of o?
2
Suppose -3*o - 4 = 2, 42 = -3*z - 3*o. Let b(p) = -10*p**2 - 9*p - 29. Let x be b(z). What are the prime factors of 4/(-18) - x*(-6)/(-54)?
151
Let c = 9414 - 5189. Let g = c + -2870. List the prime factors of g.
5, 271
Suppose -7*v - 224 - 301 = 0. What are the prime factors of 5*-10*(-3 + 987/v)?
2, 101
Let u = -387 - -824. Suppose 205*m - 152*m = -15794. Let f = m + u. What are the prime factors of f?
139
Let x = 102 - 110. Let n(g) = 5*g**2 - 16*g - 40. List the prime factors of n(x).
2, 3, 17
Let c be (-2 - 4)*(-11770)/33. Suppose -4*a + c = -g - g, -3*a + 1603 = -g. List the prime factors of a.
13, 41
Let v(w) = 12*w + 4. Let c be v(2). Let s(i) = 15 - c + 27*i**3 + 10. What are the prime factors of s(2)?
3, 71
Suppose 0 = -3*d - 7 + 4. Let z be d - ((-203)/21)/(2/(-6)). Let o = 219 + z. What are the prime factors of o?
3, 7
Let n(a) = 4*a**2 - 168*a. Let x be n(42). Suppose x = 21*b - 10*b - 4114. List the prime factors of b.
2, 11, 17
Let q = 25691 - 5494. What are the prime factors of q?
19, 1063
Let s = -53424 + 98424. List the prime factors of s.
2, 3, 5
Suppose -3*n + 65 = 2*l - 79, 0 = 4*l + 12. Suppose 51*z + 4*s - 893 = n*z, 3*s = -5*z + 4431. What are the prime factors of z?
3, 5, 59
Suppose 81*n = 1060436 + 2295799. What are the prime factors of n?
5, 8287
Let w(p) = 7*p**3 - p**2 + p - 5. Suppose -a = -2*k + 2, 3*a + 2*k = -2*k + 24. What are the prime factors of w(a)?
431
Let l(f) = -8*f**2 - 603*f - 109. List the prime factors of l(-48).
101, 103
Let a(v) = 898*v + 22672. List the prime factors of a(0).
2, 13, 109
Let q be 4/(8/22) - (-9 + 12). What are the prime factors of ((-274)/q*2)/((-16)/32)?
137
Suppose -183*m = -192*m + 75231. What are the prime factors of m?
13, 643
Let d(b) be the second derivative of b**4/4 + 5*b**3/6 + 3*b**2 + 5*b. Let i(q) be the first derivative of d(q). What are the prime factors of i(7)?
47
Suppose 12*b - 6*b = 276. Let a be (-40)/(-5) - (-1 - -2). Let u = b - a. What are the prime factors of u?
3, 13
Suppose -2*w - 10 = 0, 0 = -2*j + 3*w + 2*w + 33. Suppose -j*d + 510 = -242. Suppose -4*b + d = -708. List the prime factors of b.
2, 7
Suppose 2*f - 10 - 254 = 0. Suppose -f*y - 1720 = -136*y. What are the prime factors of y?
2, 5, 43
Let k(v) = 451*v - 5647. What are the prime factors of k(25)?
2, 3, 7, 67
Let p(i) = -i**3 + 10*i**2 + 14*i - 26. Let w be p(11). Let g(o) = o**3 - 5*o**2 - o - 16. Let z be g(w). Let h = z - -50. List the prime factors of h.
5
Suppose -2*j = 4*p - 82, -p = -3*j + 43 + 45. Let z = 32 - j. What are the prime factors of 47/(-6)*2*(-7 + z)?
2, 47
Suppose 5*l - u - 29340 = 0, 2*l + 5*u - 6899 = 4864. What are the prime factors of l?
5869
Suppose -165*b + 277263 + 59157 = -75*b. What are the prime factors of b?
2, 3, 7, 89
Let f be (-8)/3*2574/(-88). Let j be 4/2 + f/(-13). What are the prime factors of 3/4*-1 - 255/j?
3, 7
Let o be ((-16)/10)/((-32)/80). Suppose -o*h - 17 - 5 = -q, 0 = -2*q - 2*h + 94. List the prime factors of q.
2, 3, 7
List the prime factors of (11 + -711)/20*(1*-2 + -351).
5, 7, 353
Let w(k) be the second derivative of k**5/20 - 5*k**4/6 - 5*k**3/3 + k**2/2 + 18*k. Let b be w(12). What are the prime factors of (-9 + -1)*b/(-26)?
5, 13
Suppose -9303 - 10038 = -3*q. List the prime factors of q/7 + 3 + (-6 - -4).
2, 461
List the prime factors of (18/27)/((-32)/1056)*3934/(-4).
7, 11, 281
Let d be 1 - 1222/(-20) - (-1)/(-10). Let a = 149 + d. List the prime factors of a.
211
Suppose 2*v - 36004 = -3*v + 4*j, -5*v + 5*j = -36000. What are the prime factors of v?
2, 1801
Let j = 13600 - 3574. List the prime factors of j.
2, 3, 557
What are the prime factors of (-21 - (0 - 24952))*1?
107, 233
Let i be (4 + (-20)/4)*(1 - 0). Let o be (i/(-5))/((-3)/(-2265)). Suppose 4*v - o + 23 = 0. List the prime factors of v.
2
Let q be 713/(-69) - 1/(-3). List the prime factors of q/(-60) + (-10673)/(-6).
3, 593
Suppose -32808 = -13*j + 5*j. Let p = j - 2433. List the prime factors of p.
2, 3, 139
Let m(n) = 9*n**2 + 294*n + 55. List the prime factors of m(-59).
2, 7019
List the prime factors of (-16)/(-72) + 2111/(-2)*334/(-9).
3, 11, 1187
Let l(a) = -a**3 - 5*a**2 + 3*a - 16. Let w be l(-6). Suppose -s = -w*u + 31, -6 + 7 = -u. What are the prime factors of (-3360)/s + (-4)/(-22)?
2, 3, 17
Suppose -7*c - 462 = -42938. List the prime factors of c.
2, 37, 41
Let h be (-5 - (-21)/4)*20*1. Suppose -h*y = -3*v - 844, -11*y - 5*v + 152 = -10*y. What are the prime factors of y?
167
Let y be (-1)/(-2)*4*(-1700)/(-25). Suppose x + 148 = 5*x. Suppose -j = x - y. List the prime factors of j.
3, 11
Let q(b) = 4*b - 5. Let i be q(2). Let l be (-1 + (-58)/i)*(-49 - -34). Suppose 3*v = -2*v + l. What are the prime factors of v?
61
Suppose 2926*p = 2915*p + 2445 + 19159. List the prime factors of p.
2, 491
Let r = 12711 + 61309. List the prime factors of r.
2, 5, 3701
Suppose 38*q + 5*y = 42*q - 144095, 0 = 3*q + 4*y - 108110. What are the prime factors of q?
2, 3, 5, 1201
Let c(g) = 5*g**2 - 92*g + 1. Let t be c(20). Suppose t*s = 150*s + 4609. What are the prime factors of s?
419
List the prime factors of (12/96*-21222)/(13/8 - 2).
2, 3, 131
Suppose 5*p = 5*o - 2230, -5*o - 99*p = -100*p - 2222. What are the prime factors of o?
2, 3, 37
List the prime factors of (0 - 4)*(-2483117)/364.
13, 2099
Let a = -2941 + 5495. Suppose -4*j = 150 - a. List the prime factors of j.
601
Let o(h) = -h**2 - 36*h - 43. Let t be o(-30). Let n = t + 9. List the prime factors of n.
2, 73
List the prime factors of (1 - -57413)/((-128)/(-88)) - 22/176.
2, 2467
Suppose 77*p - 18*p - 177 = 0. Suppose -885 = -o + 4*o. What are the prime factors of o/(-5)*3/p?
59
Let a(p) = 21*p**2 + 2*p - 5. Let q be a(3). Let r = 560 - q. Let c = r - 216. What are the prime factors of c?
2, 7, 11
Let a(p) = 2*p**2 - 18*p - 8. Let n(x) = -x**2 + 2*x. Let q be n(0). Suppos